 digit of 1098516319?
5
What is the hundreds digit of 1214964392?
3
What is the hundreds digit of 42087455?
4
What is the thousands digit of 104790039?
0
What is the units digit of 140479196?
6
What is the ten thousands digit of 1337168003?
6
What is the hundred thousands digit of 6370610?
3
What is the hundred thousands digit of 156618319?
6
What is the units digit of 6341341?
1
What is the tens digit of 7940243?
4
What is the hundred millions digit of 1559662310?
5
What is the billions digit of 4072118510?
4
What is the ten millions digit of 316221348?
1
What is the ten thousands digit of 3318958150?
5
What is the hundred thousands digit of 5492314483?
3
What is the ten millions digit of 686354443?
8
What is the units digit of 36224520?
0
What is the tens digit of 321148101?
0
What is the hundreds digit of 74895689?
6
What is the hundred millions digit of 165644832?
1
What is the millions digit of 45147195?
5
What is the hundred thousands digit of 901895568?
8
What is the millions digit of 9806180009?
6
What is the ten thousands digit of 186117673?
1
What is the thousands digit of 4005404034?
4
What is the ten thousands digit of 471887369?
8
What is the tens digit of 245321333?
3
What is the hundreds digit of 369627622?
6
What is the ten thousands digit of 131547586?
4
What is the ten thousands digit of 28542956?
4
What is the millions digit of 89872397?
9
What is the ten thousands digit of 311053775?
5
What is the thousands digit of 37106589?
6
What is the ten thousands digit of 33773007?
7
What is the ten millions digit of 584199426?
8
What is the millions digit of 50765186?
0
What is the ten millions digit of 2855987356?
5
What is the ten thousands digit of 207051403?
5
What is the ten millions digit of 6013222580?
1
What is the thousands digit of 220213812?
3
What is the thousands digit of 1378397843?
7
What is the hundred thousands digit of 820611559?
6
What is the tens digit of 13275883?
8
What is the hundreds digit of 1490847929?
9
What is the hundred thousands digit of 102244822?
2
What is the units digit of 269191732?
2
What is the hundred millions digit of 5542493045?
5
What is the tens digit of 22849236?
3
What is the hundreds digit of 4229856489?
4
What is the millions digit of 1267350053?
7
What is the billions digit of 1643436910?
1
What is the ten thousands digit of 52873989?
7
What is the tens digit of 39613622?
2
What is the ten millions digit of 5378362773?
7
What is the thousands digit of 1599780063?
0
What is the ten thousands digit of 394874373?
7
What is the thousands digit of 5195079700?
9
What is the hundred millions digit of 625085421?
6
What is the thousands digit of 72437579?
7
What is the ten thousands digit of 4855773875?
7
What is the tens digit of 1835025898?
9
What is the tens digit of 1608432314?
1
What is the thousands digit of 75887716?
7
What is the millions digit of 138639896?
8
What is the millions digit of 1950912942?
0
What is the hundreds digit of 598708757?
7
What is the ten millions digit of 54155696?
5
What is the ten millions digit of 132416424?
3
What is the ten thousands digit of 218601326?
0
What is the units digit of 1536638154?
4
What is the ten millions digit of 813442789?
1
What is the millions digit of 132891978?
2
What is the units digit of 617755179?
9
What is the units digit of 476267986?
6
What is the tens digit of 8180454414?
1
What is the millions digit of 88457542?
8
What is the millions digit of 101546467?
1
What is the millions digit of 115728204?
5
What is the hundred thousands digit of 2189303402?
3
What is the ten thousands digit of 709993346?
9
What is the hundred thousands digit of 15688108?
6
What is the ten thousands digit of 3123242601?
4
What is the millions digit of 58680459?
8
What is the ten millions digit of 115411246?
1
What is the ten millions digit of 10350132?
1
What is the ten millions digit of 33312689?
3
What is the ten thousands digit of 450985556?
8
What is the tens digit of 193290138?
3
What is the ten thousands digit of 141649179?
4
What is the millions digit of 81644535?
1
What is the hundred thousands digit of 166841576?
8
What is the hundreds digit of 14722619?
6
What is the hundred thousands digit of 11528359?
5
What is the tens digit of 63393970?
7
What is the hundred thousands digit of 33751690?
7
What is the hundred millions digit of 334031808?
3
What is the ten thousands digit of 372927091?
2
What is the thousands digit of 447483387?
3
What is the millions digit of 419761778?
9
What is the millions digit of 1835335958?
5
What is the hundred thousands digit of 3442745810?
7
What is the thousands digit of 111388263?
8
What is the millions digit of 13074398?
3
What is the ten millions digit of 788688253?
8
What is the millions digit of 8164875138?
4
What is the millions digit of 53130841?
3
What is the ten thousands digit of 1808611074?
1
What is the tens digit of 16258235?
3
What is the units digit of 1043119657?
7
What is the hundred thousands digit of 3216824642?
8
What is the tens digit of 304992705?
0
What is the tens digit of 99872071?
7
What is the millions digit of 690517640?
0
What is the thousands digit of 192316044?
6
What is the tens digit of 466852532?
3
What is the ten thousands digit of 815899102?
9
What is the billions digit of 8382094794?
8
What is the ten thousands digit of 485152939?
5
What is the thousands digit of 151370148?
0
What is the ten thousands digit of 262644359?
4
What is the thousands digit of 836042439?
2
What is the hundred thousands digit of 67046036?
0
What is the tens digit of 1771308638?
3
What is the tens digit of 4887353359?
5
What is the ten millions digit of 293055982?
9
What is the units digit of 18421941?
1
What is the tens digit of 1228954115?
1
What is the ten millions digit of 615703748?
1
What is the ten thousands digit of 19665276?
6
What is the millions digit of 3251299470?
1
What is the hundred millions digit of 1439911015?
4
What is the ten thousands digit of 1058145268?
4
What is the hundreds digit of 202231435?
4
What is the units digit of 1460211453?
3
What is the hundred millions digit of 267244242?
2
What is the hundred thousands digit of 31002800?
0
What is the ten millions digit of 14877702?
1
What is the units digit of 71636857?
7
What is the millions digit of 213640801?
3
What is the ten thousands digit of 13059326?
5
What is the ten thousands digit of 46516902?
1
What is the tens digit of 517076245?
4
What is the hundred thousands digit of 118968627?
9
What is the ten millions digit of 657973016?
5
What is the ten millions digit of 696711637?
9
What is the tens digit of 1189092822?
2
What is the millions digit of 37313501?
7
What is the tens digit of 378376178?
7
What is the units digit of 2628340823?
3
What is the hundreds digit of 3340619229?
2
What is the units digit of 31475402?
2
What is the hundreds digit of 1915265508?
5
What is the tens digit of 11923266?
6
What is the millions digit of 22243618?
2
What is the millions digit of 397163322?
7
What is the hundred thousands digit of 1186977545?
9
What is the billions digit of 1768557652?
1
What is the units digit of 45509540?
0
What is the millions digit of 893978060?
3
What is the hundred thousands digit of 25484781?
4
What is the hundreds digit of 14661845?
8
What is the ten millions digit of 6623236957?
2
What is the units digit of 673785371?
1
What is the thousands digit of 4392113918?
3
What is the units digit of 1233334?
4
What is the ten millions digit of 66401227?
6
What is the ten millions digit of 404186585?
0
What is the hundred millions digit of 1260066766?
2
What is the hundred millions digit of 4161666156?
1
What is the billions digit of 6949981742?
6
What is the hundreds digit of 178163942?
9
What is the hundred thousands digit of 133545642?
5
What is the ten thousands digit of 209586180?
8
What is the hundreds digit of 1564803857?
8
What is the hundreds digit of 500280881?
8
What is the units digit of 68665618?
8
What is the units digit of 129908137?
7
What is the hundreds digit of 4669848358?
3
What is the millions digit of 165809173?
5
What is the hundred thousands digit of 1693537273?
5
What is the hundred millions digit of 829767942?
8
What is the thousands digit of 811313333?
3
What is the hundred thousands digi